{"id":160,"date":"2024-06-24T16:25:15","date_gmt":"2024-06-24T16:25:15","guid":{"rendered":"https:\/\/b-u-w-eberhardt-stiftung.de\/?page_id=160"},"modified":"2024-06-24T16:25:15","modified_gmt":"2024-06-24T16:25:15","slug":"unterwegs-nach-umbidu","status":"publish","type":"page","link":"https:\/\/b-u-w-eberhardt-stiftung.de\/?page_id=160","title":{"rendered":"Unterwegs nach Umbidu"},"content":{"rendered":"\n<p>Dank der Unterst\u00fctzung der Brigitte-und-Werner-Eberhardt-Stiftung konnten knapp 400 Schulkinder in zwei Auff\u00fchrungen das Musiktheater &#8222;Unterwegs nach Umbidu&#8220; von und mit dem \u00f6sterreichischen Ensemble <a href=\"http:\/\/www.dieschurken.at\/\">Die Schurken<\/a> erleben. Die Auff\u00fchrungen fanden am 8. Mai 2024 im Rahmen der <a href=\"https:\/\/www.klosterkonzerte.de\/klosterkonzerte-maulbronn\">Klosterkonzerte<\/a> in der Winterkirche des Klosters Maulbronn statt.<\/p>\n\n\n\n<figure class=\"wp-block-image size-large\"><img loading=\"lazy\" decoding=\"async\" width=\"1024\" height=\"768\" src=\"https:\/\/b-u-w-eberhardt-stiftung.de\/wp-content\/uploads\/2024\/06\/2024_Schulkonzert_Umbidu_01-1024x768.jpeg\" alt=\"\" class=\"wp-image-157\" srcset=\"https:\/\/b-u-w-eberhardt-stiftung.de\/wp-content\/uploads\/2024\/06\/2024_Schulkonzert_Umbidu_01-1024x768.jpeg 1024w, https:\/\/b-u-w-eberhardt-stiftung.de\/wp-content\/uploads\/2024\/06\/2024_Schulkonzert_Umbidu_01-300x225.jpeg 300w, https:\/\/b-u-w-eberhardt-stiftung.de\/wp-content\/uploads\/2024\/06\/2024_Schulkonzert_Umbidu_01-768x576.jpeg 768w, https:\/\/b-u-w-eberhardt-stiftung.de\/wp-content\/uploads\/2024\/06\/2024_Schulkonzert_Umbidu_01-1536x1152.jpeg 1536w, https:\/\/b-u-w-eberhardt-stiftung.de\/wp-content\/uploads\/2024\/06\/2024_Schulkonzert_Umbidu_01.jpeg 2048w\" sizes=\"auto, (max-width: 767px) 89vw, (max-width: 1000px) 54vw, (max-width: 1071px) 543px, 580px\" \/><\/figure>\n\n\n\n<figure class=\"wp-block-image size-large\"><img loading=\"lazy\" decoding=\"async\" width=\"1024\" height=\"768\" src=\"https:\/\/b-u-w-eberhardt-stiftung.de\/wp-content\/uploads\/2024\/06\/2024_Schulkonzert_Umbidu_02-1024x768.jpeg\" alt=\"\" class=\"wp-image-158\" srcset=\"https:\/\/b-u-w-eberhardt-stiftung.de\/wp-content\/uploads\/2024\/06\/2024_Schulkonzert_Umbidu_02-1024x768.jpeg 1024w, https:\/\/b-u-w-eberhardt-stiftung.de\/wp-content\/uploads\/2024\/06\/2024_Schulkonzert_Umbidu_02-300x225.jpeg 300w, https:\/\/b-u-w-eberhardt-stiftung.de\/wp-content\/uploads\/2024\/06\/2024_Schulkonzert_Umbidu_02-768x576.jpeg 768w, https:\/\/b-u-w-eberhardt-stiftung.de\/wp-content\/uploads\/2024\/06\/2024_Schulkonzert_Umbidu_02-1536x1152.jpeg 1536w, https:\/\/b-u-w-eberhardt-stiftung.de\/wp-content\/uploads\/2024\/06\/2024_Schulkonzert_Umbidu_02.jpeg 2048w\" sizes=\"auto, (max-width: 767px) 89vw, (max-width: 1000px) 54vw, (max-width: 1071px) 543px, 580px\" \/><\/figure>\n\n\n\n<figure class=\"wp-block-image size-large\"><img loading=\"lazy\" decoding=\"async\" width=\"1024\" height=\"485\" src=\"https:\/\/b-u-w-eberhardt-stiftung.de\/wp-content\/uploads\/2024\/06\/2024_Schulkonzert_Umbidu_03-1024x485.jpeg\" alt=\"\" class=\"wp-image-159\" srcset=\"https:\/\/b-u-w-eberhardt-stiftung.de\/wp-content\/uploads\/2024\/06\/2024_Schulkonzert_Umbidu_03-1024x485.jpeg 1024w, https:\/\/b-u-w-eberhardt-stiftung.de\/wp-content\/uploads\/2024\/06\/2024_Schulkonzert_Umbidu_03-300x142.jpeg 300w, https:\/\/b-u-w-eberhardt-stiftung.de\/wp-content\/uploads\/2024\/06\/2024_Schulkonzert_Umbidu_03-768x363.jpeg 768w, https:\/\/b-u-w-eberhardt-stiftung.de\/wp-content\/uploads\/2024\/06\/2024_Schulkonzert_Umbidu_03-1536x727.jpeg 1536w, https:\/\/b-u-w-eberhardt-stiftung.de\/wp-content\/uploads\/2024\/06\/2024_Schulkonzert_Umbidu_03.jpeg 2048w\" sizes=\"auto, (max-width: 767px) 89vw, (max-width: 1000px) 54vw, (max-width: 1071px) 543px, 580px\" \/><\/figure>\n","protected":false},"excerpt":{"rendered":"<p>Dank der Unterst\u00fctzung der Brigitte-und-Werner-Eberhardt-Stiftung konnten knapp 400 Schulkinder in zwei Auff\u00fchrungen das Musiktheater &#8222;Unterwegs nach Umbidu&#8220; von und mit dem \u00f6sterreichischen Ensemble Die Schurken erleben. Die Auff\u00fchrungen fanden am 8. Mai 2024 im Rahmen der Klosterkonzerte in der Winterkirche des Klosters Maulbronn statt.<\/p>\n","protected":false},"author":1,"featured_media":0,"parent":12,"menu_order":0,"comment_status":"closed","ping_status":"closed","template":"","meta":{"footnotes":""},"class_list":["post-160","page","type-page","status-publish","hentry"],"_links":{"self":[{"href":"https:\/\/b-u-w-eberhardt-stiftung.de\/index.php?rest_route=\/wp\/v2\/pages\/160","targetHints":{"allow":["GET"]}}],"collection":[{"href":"https:\/\/b-u-w-eberhardt-stiftung.de\/index.php?rest_route=\/wp\/v2\/pages"}],"about":[{"href":"https:\/\/b-u-w-eberhardt-stiftung.de\/index.php?rest_route=\/wp\/v2\/types\/page"}],"author":[{"embeddable":true,"href":"https:\/\/b-u-w-eberhardt-stiftung.de\/index.php?rest_route=\/wp\/v2\/users\/1"}],"replies":[{"embeddable":true,"href":"https:\/\/b-u-w-eberhardt-stiftung.de\/index.php?rest_route=%2Fwp%2Fv2%2Fcomments&post=160"}],"version-history":[{"count":2,"href":"https:\/\/b-u-w-eberhardt-stiftung.de\/index.php?rest_route=\/wp\/v2\/pages\/160\/revisions"}],"predecessor-version":[{"id":162,"href":"https:\/\/b-u-w-eberhardt-stiftung.de\/index.php?rest_route=\/wp\/v2\/pages\/160\/revisions\/162"}],"up":[{"embeddable":true,"href":"https:\/\/b-u-w-eberhardt-stiftung.de\/index.php?rest_route=\/wp\/v2\/pages\/12"}],"wp:attachment":[{"href":"https:\/\/b-u-w-eberhardt-stiftung.de\/index.php?rest_route=%2Fwp%2Fv2%2Fmedia&parent=160"}],"curies":[{"name":"wp","href":"https:\/\/api.w.org\/{rel}","templated":true}]}}

<p>Dank der Unterstützung der Brigitte-und-Werner-Eberhardt-Stiftung konnten knapp 400 Schulkinder in zwei Aufführungen das Musiktheater &#8222;Unterwegs nach Umbidu&#8220; von und mit dem österreichischen Ensemble <a href="http://www.dieschurken.at/">Die Schurken</a> erleben. Die Aufführungen fanden am 8. Mai 2024 im Rahmen der <a href="https://www.klosterkonzerte.de/klosterkonzerte-maulbronn">Klosterkonzerte</a> in der Winterkirche des Klosters Maulbronn statt.</p>



<figure class="wp-block-image size-large"><img loading="lazy" decoding="async" width="1024" height="768" src="https://b-u-w-eberhardt-stiftung.de/wp-content/uploads/2024/06/2024_Schulkonzert_Umbidu_01-1024x768.jpeg" alt="" class="wp-image-157" srcset="https://b-u-w-eberhardt-stiftung.de/wp-content/uploads/2024/06/2024_Schulkonzert_Umbidu_01-1024x768.jpeg 1024w, https://b-u-w-eberhardt-stiftung.de/wp-content/uploads/2024/06/2024_Schulkonzert_Umbidu_01-300x225.jpeg 300w, https://b-u-w-eberhardt-stiftung.de/wp-content/uploads/2024/06/2024_Schulkonzert_Umbidu_01-768x576.jpeg 768w, https://b-u-w-eberhardt-stiftung.de/wp-content/uploads/2024/06/2024_Schulkonzert_Umbidu_01-1536x1152.jpeg 1536w, https://b-u-w-eberhardt-stiftung.de/wp-content/uploads/2024/06/2024_Schulkonzert_Umbidu_01.jpeg 2048w" sizes="auto, (max-width: 767px) 89vw, (max-width: 1000px) 54vw, (max-width: 1071px) 543px, 580px" /></figure>



<figure class="wp-block-image size-large"><img loading="lazy" decoding="async" width="1024" height="768" src="https://b-u-w-eberhardt-stiftung.de/wp-content/uploads/2024/06/2024_Schulkonzert_Umbidu_02-1024x768.jpeg" alt="" class="wp-image-158" srcset="https://b-u-w-eberhardt-stiftung.de/wp-content/uploads/2024/06/2024_Schulkonzert_Umbidu_02-1024x768.jpeg 1024w, https://b-u-w-eberhardt-stiftung.de/wp-content/uploads/2024/06/2024_Schulkonzert_Umbidu_02-300x225.jpeg 300w, https://b-u-w-eberhardt-stiftung.de/wp-content/uploads/2024/06/2024_Schulkonzert_Umbidu_02-768x576.jpeg 768w, https://b-u-w-eberhardt-stiftung.de/wp-content/uploads/2024/06/2024_Schulkonzert_Umbidu_02-1536x1152.jpeg 1536w, https://b-u-w-eberhardt-stiftung.de/wp-content/uploads/2024/06/2024_Schulkonzert_Umbidu_02.jpeg 2048w" sizes="auto, (max-width: 767px) 89vw, (max-width: 1000px) 54vw, (max-width: 1071px) 543px, 580px" /></figure>



<figure class="wp-block-image size-large"><img loading="lazy" decoding="async" width="1024" height="485" src="https://b-u-w-eberhardt-stiftung.de/wp-content/uploads/2024/06/2024_Schulkonzert_Umbidu_03-1024x485.jpeg" alt="" class="wp-image-159" srcset="https://b-u-w-eberhardt-stiftung.de/wp-content/uploads/2024/06/2024_Schulkonzert_Umbidu_03-1024x485.jpeg 1024w, https://b-u-w-eberhardt-stiftung.de/wp-content/uploads/2024/06/2024_Schulkonzert_Umbidu_03-300x142.jpeg 300w, https://b-u-w-eberhardt-stiftung.de/wp-content/uploads/2024/06/2024_Schulkonzert_Umbidu_03-768x363.jpeg 768w, https://b-u-w-eberhardt-stiftung.de/wp-content/uploads/2024/06/2024_Schulkonzert_Umbidu_03-1536x727.jpeg 1536w, https://b-u-w-eberhardt-stiftung.de/wp-content/uploads/2024/06/2024_Schulkonzert_Umbidu_03.jpeg 2048w" sizes="auto, (max-width: 767px) 89vw, (max-width: 1000px) 54vw, (max-width: 1071px) 543px, 580px" /></figure>

<p>Dank der Unterstützung der Brigitte-und-Werner-Eberhardt-Stiftung konnten knapp 400 Schulkinder in zwei Aufführungen das Musiktheater &#8222;Unterwegs nach Umbidu&#8220; von und mit dem österreichischen Ensemble Die Schurken erleben. Die Aufführungen fanden am 8. Mai 2024 im Rahmen der Klosterkonzerte in der Winterkirche des Klosters Maulbronn statt.</p>
