{"id":11,"date":"2019-08-15T10:53:39","date_gmt":"2019-08-15T10:53:39","guid":{"rendered":"http:\/\/b-u-w-eberhardt-stiftung.de\/?page_id=11"},"modified":"2025-08-05T17:50:49","modified_gmt":"2025-08-05T17:50:49","slug":"maulbronner-musikpreis","status":"publish","type":"page","link":"https:\/\/b-u-w-eberhardt-stiftung.de\/?page_id=11","title":{"rendered":"Maulbronner Musikpreis"},"content":{"rendered":"\n<p><strong>Preistr\u00e4ger 2025<\/strong><br>Im Rahmen der feierlichen Zeugnis\u00fcbergabe des Evangelischen Seminars Maulbronn am <strong>11. Juli 2025<\/strong> erhielten <strong>Semira Vinella<\/strong> (Violine) und <strong>Micah <strong>\u0160<\/strong>andor<\/strong> (Horn) Preise der Brigitte-und-Werner-Eberhardt-Stiftung f\u00fcr hervorragende Leistungen im fachpraktischen Abitur Musik.<\/p>\n\n\n\n<figure class=\"wp-block-image size-large\"><img loading=\"lazy\" decoding=\"async\" width=\"1024\" height=\"683\" src=\"https:\/\/b-u-w-eberhardt-stiftung.de\/wp-content\/uploads\/2025\/08\/20250711_SeminarMaulbronn_copyrightConradSchmitz_0066-1024x683.jpg\" alt=\"\" class=\"wp-image-172\" srcset=\"https:\/\/b-u-w-eberhardt-stiftung.de\/wp-content\/uploads\/2025\/08\/20250711_SeminarMaulbronn_copyrightConradSchmitz_0066-1024x683.jpg 1024w, https:\/\/b-u-w-eberhardt-stiftung.de\/wp-content\/uploads\/2025\/08\/20250711_SeminarMaulbronn_copyrightConradSchmitz_0066-300x200.jpg 300w, https:\/\/b-u-w-eberhardt-stiftung.de\/wp-content\/uploads\/2025\/08\/20250711_SeminarMaulbronn_copyrightConradSchmitz_0066-768x512.jpg 768w, https:\/\/b-u-w-eberhardt-stiftung.de\/wp-content\/uploads\/2025\/08\/20250711_SeminarMaulbronn_copyrightConradSchmitz_0066-1536x1024.jpg 1536w, https:\/\/b-u-w-eberhardt-stiftung.de\/wp-content\/uploads\/2025\/08\/20250711_SeminarMaulbronn_copyrightConradSchmitz_0066-2048x1365.jpg 2048w\" sizes=\"auto, (max-width: 767px) 89vw, (max-width: 1000px) 54vw, (max-width: 1071px) 543px, 580px\" \/><\/figure>\n\n\n\n<p><strong>Preistr\u00e4ger 2024<\/strong><br><strong>Janne Bismark<\/strong> (Violoncello)<br><strong>Lorenz H\u00e4rer<\/strong> (Trompete\/Gesang)<br><strong>Anne Rahel Haller<\/strong> (Marimbaphon)<br><strong>Sophia Horn<\/strong> (Harfe)<br><strong>Immanuel Schneider<\/strong> (Querfl\u00f6te)<\/p>\n\n\n\n<figure class=\"wp-block-image size-large\"><img loading=\"lazy\" decoding=\"async\" width=\"1024\" height=\"768\" src=\"https:\/\/b-u-w-eberhardt-stiftung.de\/wp-content\/uploads\/2024\/07\/Preistraeger-2024_02-1024x768.jpg\" alt=\"\" class=\"wp-image-167\" srcset=\"https:\/\/b-u-w-eberhardt-stiftung.de\/wp-content\/uploads\/2024\/07\/Preistraeger-2024_02-1024x768.jpg 1024w, https:\/\/b-u-w-eberhardt-stiftung.de\/wp-content\/uploads\/2024\/07\/Preistraeger-2024_02-300x225.jpg 300w, https:\/\/b-u-w-eberhardt-stiftung.de\/wp-content\/uploads\/2024\/07\/Preistraeger-2024_02-768x576.jpg 768w, https:\/\/b-u-w-eberhardt-stiftung.de\/wp-content\/uploads\/2024\/07\/Preistraeger-2024_02.jpg 1080w\" sizes=\"auto, (max-width: 767px) 89vw, (max-width: 1000px) 54vw, (max-width: 1071px) 543px, 580px\" \/><\/figure>\n\n\n\n<p><strong>Preistr\u00e4ger 2023<\/strong><br><strong>Pia Br\u00e4uchle<\/strong> (Klavier)<br><strong>Na\u00eb<\/strong><strong>mi Williams<\/strong> (Gesang)<\/p>\n\n\n\n<figure class=\"wp-block-image size-large is-resized\"><img loading=\"lazy\" decoding=\"async\" width=\"768\" height=\"1024\" src=\"https:\/\/b-u-w-eberhardt-stiftung.de\/wp-content\/uploads\/2023\/07\/Preistraeger-2023-768x1024.jpg\" alt=\"\" class=\"wp-image-143\" style=\"width:384px;height:512px\" srcset=\"https:\/\/b-u-w-eberhardt-stiftung.de\/wp-content\/uploads\/2023\/07\/Preistraeger-2023-768x1024.jpg 768w, https:\/\/b-u-w-eberhardt-stiftung.de\/wp-content\/uploads\/2023\/07\/Preistraeger-2023-225x300.jpg 225w, https:\/\/b-u-w-eberhardt-stiftung.de\/wp-content\/uploads\/2023\/07\/Preistraeger-2023-1152x1536.jpg 1152w, https:\/\/b-u-w-eberhardt-stiftung.de\/wp-content\/uploads\/2023\/07\/Preistraeger-2023-1536x2048.jpg 1536w, https:\/\/b-u-w-eberhardt-stiftung.de\/wp-content\/uploads\/2023\/07\/Preistraeger-2023-scaled.jpg 1920w\" sizes=\"auto, (max-width: 767px) 89vw, (max-width: 1000px) 54vw, (max-width: 1071px) 543px, 580px\" \/><\/figure>\n\n\n\n<p><strong>Preistr\u00e4ger 2022<\/strong><br><strong>Jacob Lorz<\/strong> (Orgel)<br><strong>Elisabeth Schneider<\/strong> (Gesang)<br><strong>Mikey Stevens<\/strong> (Gesang; nicht im Bild)<br><strong>Justus Wirth<\/strong> (Violoncello)<\/p>\n\n\n\n<figure class=\"wp-block-image size-large is-resized\"><img loading=\"lazy\" decoding=\"async\" width=\"683\" height=\"1024\" src=\"https:\/\/b-u-w-eberhardt-stiftung.de\/wp-content\/uploads\/2022\/08\/Preistraeger-2022-683x1024.jpg\" alt=\"\" class=\"wp-image-130\" style=\"width:342px;height:512px\" srcset=\"https:\/\/b-u-w-eberhardt-stiftung.de\/wp-content\/uploads\/2022\/08\/Preistraeger-2022-683x1024.jpg 683w, https:\/\/b-u-w-eberhardt-stiftung.de\/wp-content\/uploads\/2022\/08\/Preistraeger-2022-200x300.jpg 200w, https:\/\/b-u-w-eberhardt-stiftung.de\/wp-content\/uploads\/2022\/08\/Preistraeger-2022-768x1152.jpg 768w, https:\/\/b-u-w-eberhardt-stiftung.de\/wp-content\/uploads\/2022\/08\/Preistraeger-2022-1024x1536.jpg 1024w, https:\/\/b-u-w-eberhardt-stiftung.de\/wp-content\/uploads\/2022\/08\/Preistraeger-2022-1366x2048.jpg 1366w, https:\/\/b-u-w-eberhardt-stiftung.de\/wp-content\/uploads\/2022\/08\/Preistraeger-2022-scaled.jpg 1707w\" sizes=\"auto, (max-width: 683px) 100vw, 683px\" \/><figcaption class=\"wp-element-caption\"> Preistr\u00e4ger 2022<\/figcaption><\/figure>\n\n\n\n<p><strong>Preistr\u00e4ger 2021<\/strong><br><strong>Luise Gr\u00e4vingholt<\/strong> (Violoncello)<br><strong>Christian Kl\u00fcnder<\/strong> (Trompete)<br><strong>Elia \u0160andor<\/strong> (Klavier) <\/p>\n\n\n\n<figure class=\"wp-block-image size-large\"><img loading=\"lazy\" decoding=\"async\" width=\"1024\" height=\"769\" src=\"https:\/\/b-u-w-eberhardt-stiftung.de\/wp-content\/uploads\/2021\/08\/Preistraeger-2021-1024x769.jpg\" alt=\"\" class=\"wp-image-125\" srcset=\"https:\/\/b-u-w-eberhardt-stiftung.de\/wp-content\/uploads\/2021\/08\/Preistraeger-2021-1024x769.jpg 1024w, https:\/\/b-u-w-eberhardt-stiftung.de\/wp-content\/uploads\/2021\/08\/Preistraeger-2021-300x225.jpg 300w, https:\/\/b-u-w-eberhardt-stiftung.de\/wp-content\/uploads\/2021\/08\/Preistraeger-2021-768x577.jpg 768w, https:\/\/b-u-w-eberhardt-stiftung.de\/wp-content\/uploads\/2021\/08\/Preistraeger-2021-1536x1153.jpg 1536w, https:\/\/b-u-w-eberhardt-stiftung.de\/wp-content\/uploads\/2021\/08\/Preistraeger-2021-2048x1538.jpg 2048w\" sizes=\"auto, (max-width: 767px) 89vw, (max-width: 1000px) 54vw, (max-width: 1071px) 543px, 580px\" \/><figcaption class=\"wp-element-caption\">Preistr\u00e4ger 2021<\/figcaption><\/figure>\n\n\n\n<p><strong>Preistr\u00e4ger 2020<\/strong><br><strong>Matthis G\u00f6lz<\/strong> (Violoncello)<br><strong>Simone Scholz<\/strong> (Gesang) <\/p>\n\n\n\n<figure class=\"wp-block-image size-large is-resized\"><img loading=\"lazy\" decoding=\"async\" width=\"683\" height=\"1024\" src=\"https:\/\/b-u-w-eberhardt-stiftung.de\/wp-content\/uploads\/2020\/08\/Preistraeger_Eberhardt-Preis_2020-1-683x1024.jpg\" alt=\"\" class=\"wp-image-117\" style=\"width:342px;height:512px\" srcset=\"https:\/\/b-u-w-eberhardt-stiftung.de\/wp-content\/uploads\/2020\/08\/Preistraeger_Eberhardt-Preis_2020-1-683x1024.jpg 683w, https:\/\/b-u-w-eberhardt-stiftung.de\/wp-content\/uploads\/2020\/08\/Preistraeger_Eberhardt-Preis_2020-1-200x300.jpg 200w, https:\/\/b-u-w-eberhardt-stiftung.de\/wp-content\/uploads\/2020\/08\/Preistraeger_Eberhardt-Preis_2020-1-768x1152.jpg 768w, https:\/\/b-u-w-eberhardt-stiftung.de\/wp-content\/uploads\/2020\/08\/Preistraeger_Eberhardt-Preis_2020-1-1024x1536.jpg 1024w, https:\/\/b-u-w-eberhardt-stiftung.de\/wp-content\/uploads\/2020\/08\/Preistraeger_Eberhardt-Preis_2020-1-1365x2048.jpg 1365w, https:\/\/b-u-w-eberhardt-stiftung.de\/wp-content\/uploads\/2020\/08\/Preistraeger_Eberhardt-Preis_2020-1-scaled.jpg 1706w\" sizes=\"auto, (max-width: 683px) 100vw, 683px\" \/><figcaption class=\"wp-element-caption\">Preistr\u00e4ger 2020<\/figcaption><\/figure>\n\n\n\n<p><strong>Preistr\u00e4ger 2019<\/strong><br><strong>Klara Chmielewski<\/strong> (Klavier)<br><strong>Nelly Keller<\/strong> (Gesang)<br><strong>David Kofler<\/strong> (Klarinette)<br><strong>Lisa Rue\u00df<\/strong> (Gesang)<br><strong>Samuel Schwarz<\/strong> (Gesang)<br><strong>Catriona Sutherland<\/strong> (Gesang)<\/p>\n\n\n\n<figure class=\"wp-block-image\"><img loading=\"lazy\" decoding=\"async\" width=\"1024\" height=\"683\" src=\"http:\/\/b-u-w-eberhardt-stiftung.de\/wp-content\/uploads\/2019\/08\/preistraeger-2019_c_Sutherland-1024x683.jpg\" alt=\"\" class=\"wp-image-67\" srcset=\"https:\/\/b-u-w-eberhardt-stiftung.de\/wp-content\/uploads\/2019\/08\/preistraeger-2019_c_Sutherland-1024x683.jpg 1024w, https:\/\/b-u-w-eberhardt-stiftung.de\/wp-content\/uploads\/2019\/08\/preistraeger-2019_c_Sutherland-300x200.jpg 300w, https:\/\/b-u-w-eberhardt-stiftung.de\/wp-content\/uploads\/2019\/08\/preistraeger-2019_c_Sutherland-768x512.jpg 768w\" sizes=\"auto, (max-width: 767px) 89vw, (max-width: 1000px) 54vw, (max-width: 1071px) 543px, 580px\" \/><figcaption class=\"wp-element-caption\">Preistr\u00e4ger 2019<\/figcaption><\/figure>\n\n\n\n<p><strong>Preistr\u00e4ger 2018<\/strong><br><strong>Luca Buchholz<\/strong> (Klavier)<br><strong>Alina Ehret<\/strong> (Violoncello)<br><strong>Melissa Fahrion<\/strong> (Violoncello)<br><strong>Aaron G\u00f6lz<\/strong> (Kontrabass)<br><strong>Hannah Leyhausen<\/strong> (Gesang) <\/p>\n\n\n\n<p><strong>Preistr\u00e4ger 2017<\/strong><br><strong>Paul Blessing<\/strong> (Klavier)<br><strong>Rahel Ehret<\/strong> (Violine)<br><strong>Am\u00e9lie Fritz<\/strong> (Gesang)<br><strong>Freya Garh\u00f6fer<\/strong> (Fagott\/Orgel)<br><strong>Daliah Mezger<\/strong> (Gesang)<br><strong>Clara Neurath<\/strong> (Querfl\u00f6te)<br><strong>Marie \u00d6sterle<\/strong> (Gesang)\n\n<\/p>\n\n\n\n<figure class=\"wp-block-image\"><img loading=\"lazy\" decoding=\"async\" width=\"1024\" height=\"768\" src=\"http:\/\/b-u-w-eberhardt-stiftung.de\/wp-content\/uploads\/2019\/08\/preistraeger-2017_c_Andrea-Garhoefer-1024x768.jpg\" alt=\"\" class=\"wp-image-68\" srcset=\"https:\/\/b-u-w-eberhardt-stiftung.de\/wp-content\/uploads\/2019\/08\/preistraeger-2017_c_Andrea-Garhoefer-1024x768.jpg 1024w, https:\/\/b-u-w-eberhardt-stiftung.de\/wp-content\/uploads\/2019\/08\/preistraeger-2017_c_Andrea-Garhoefer-300x225.jpg 300w, https:\/\/b-u-w-eberhardt-stiftung.de\/wp-content\/uploads\/2019\/08\/preistraeger-2017_c_Andrea-Garhoefer-768x576.jpg 768w\" sizes=\"auto, (max-width: 767px) 89vw, (max-width: 1000px) 54vw, (max-width: 1071px) 543px, 580px\" \/><figcaption class=\"wp-element-caption\">Preistr\u00e4ger 2017<\/figcaption><\/figure>\n\n\n\n<p><strong>Preistr\u00e4ger 2016<\/strong><br><strong>Finn Matzel<\/strong> (Schlagzeug)<br><strong>Annemarie Pfahler<\/strong> (Violine\/Gesang)<br><strong>Ana-Carina Schmidt<\/strong> (Gesang)<br><strong>Daniel Weissert<\/strong> (Klavier)\n\n<\/p>\n\n\n\n<figure class=\"wp-block-image\"><img loading=\"lazy\" decoding=\"async\" width=\"1024\" height=\"683\" src=\"http:\/\/b-u-w-eberhardt-stiftung.de\/wp-content\/uploads\/2019\/08\/preistraeger-2016_c_Felicitas-Weissert-1024x683.jpg\" alt=\"\" class=\"wp-image-69\" srcset=\"https:\/\/b-u-w-eberhardt-stiftung.de\/wp-content\/uploads\/2019\/08\/preistraeger-2016_c_Felicitas-Weissert-1024x683.jpg 1024w, https:\/\/b-u-w-eberhardt-stiftung.de\/wp-content\/uploads\/2019\/08\/preistraeger-2016_c_Felicitas-Weissert-300x200.jpg 300w, https:\/\/b-u-w-eberhardt-stiftung.de\/wp-content\/uploads\/2019\/08\/preistraeger-2016_c_Felicitas-Weissert-768x512.jpg 768w\" sizes=\"auto, (max-width: 767px) 89vw, (max-width: 1000px) 54vw, (max-width: 1071px) 543px, 580px\" \/><figcaption class=\"wp-element-caption\">Preistr\u00e4ger 2016<\/figcaption><\/figure>\n\n\n\n<p><strong>Preistr\u00e4ger 2015<\/strong><br><strong>Isabell Erb<\/strong> (Violine)<br><strong>Jakoba Hausmann<\/strong> (Violoncello)<br><strong>Carolin M\u00fccke<\/strong> (Gesang)<br><strong>Ruben Spielmann<\/strong> (Gesang)\n\n<\/p>\n\n\n\n<figure class=\"wp-block-image\"><img loading=\"lazy\" decoding=\"async\" width=\"1024\" height=\"683\" src=\"http:\/\/b-u-w-eberhardt-stiftung.de\/wp-content\/uploads\/2019\/08\/preistraeger-2015-1024x683.jpg\" alt=\"\" class=\"wp-image-92\" srcset=\"https:\/\/b-u-w-eberhardt-stiftung.de\/wp-content\/uploads\/2019\/08\/preistraeger-2015-1024x683.jpg 1024w, https:\/\/b-u-w-eberhardt-stiftung.de\/wp-content\/uploads\/2019\/08\/preistraeger-2015-300x200.jpg 300w, https:\/\/b-u-w-eberhardt-stiftung.de\/wp-content\/uploads\/2019\/08\/preistraeger-2015-768x512.jpg 768w\" sizes=\"auto, (max-width: 767px) 89vw, (max-width: 1000px) 54vw, (max-width: 1071px) 543px, 580px\" \/><figcaption class=\"wp-element-caption\">Preistr\u00e4ger 2015<\/figcaption><\/figure>\n\n\n\n<p><strong>Preistr\u00e4ger 2014<\/strong><br>Aufgrund eingegangener Spenden war die Stiftung im Jahr nach ihrer Gr\u00fcndung in der Lage, schon f\u00fcr  das Schuljahr 2013\/14 Preise zu vergeben. Dies war umso erfreulicher, da  alle im fachpraktischen Abitur 2014 angetretenen Sch\u00fclerinnen und  Sch\u00fcler des Evangelischen Seminars Maulbronn hervorragende Leistungen  zeigten und mit ihren Ergebnissen im preisw\u00fcrdigen Bereich lagen.<\/p>\n\n\n\n<p><strong>Salome Martin<\/strong> (Orgel\/Gesang)<br><strong>Paul Max<\/strong> (Gesang)<br><strong>Felicitas Weissert<\/strong> (Cello\/Gesang)<br><strong>Mirjam Wien<\/strong> (Viola\/Klavier)\n\n<\/p>\n\n\n\n<figure class=\"wp-block-image\"><img loading=\"lazy\" decoding=\"async\" width=\"683\" height=\"1024\" src=\"http:\/\/b-u-w-eberhardt-stiftung.de\/wp-content\/uploads\/2019\/08\/verleihung-musikpreis-2014_01-683x1024.jpg\" alt=\"\" class=\"wp-image-70\" srcset=\"https:\/\/b-u-w-eberhardt-stiftung.de\/wp-content\/uploads\/2019\/08\/verleihung-musikpreis-2014_01-683x1024.jpg 683w, https:\/\/b-u-w-eberhardt-stiftung.de\/wp-content\/uploads\/2019\/08\/verleihung-musikpreis-2014_01-200x300.jpg 200w, https:\/\/b-u-w-eberhardt-stiftung.de\/wp-content\/uploads\/2019\/08\/verleihung-musikpreis-2014_01-768x1152.jpg 768w, https:\/\/b-u-w-eberhardt-stiftung.de\/wp-content\/uploads\/2019\/08\/verleihung-musikpreis-2014_01.jpg 810w\" sizes=\"auto, (max-width: 683px) 100vw, 683px\" \/><figcaption class=\"wp-element-caption\">Verleihung des ersten Maulbronner Musikpreises durch den Stiftungsgr\u00fcnder Dr. Werner Eberhardt<\/figcaption><\/figure>\n","protected":false},"excerpt":{"rendered":"<p>Preistr\u00e4ger 2025Im Rahmen der feierlichen Zeugnis\u00fcbergabe des Evangelischen Seminars Maulbronn am 11. Juli 2025 erhielten Semira Vinella (Violine) und Micah \u0160andor (Horn) Preise der Brigitte-und-Werner-Eberhardt-Stiftung f\u00fcr hervorragende Leistungen im fachpraktischen Abitur Musik. Preistr\u00e4ger 2024Janne Bismark (Violoncello)Lorenz H\u00e4rer (Trompete\/Gesang)Anne Rahel Haller (Marimbaphon)Sophia Horn (Harfe)Immanuel Schneider (Querfl\u00f6te) Preistr\u00e4ger 2023Pia Br\u00e4uchle (Klavier)Na\u00ebmi Williams (Gesang) Preistr\u00e4ger 2022Jacob Lorz (Orgel)Elisabeth &hellip; <\/p>\n<p class=\"link-more\"><a href=\"https:\/\/b-u-w-eberhardt-stiftung.de\/?page_id=11\" class=\"more-link\"><span class=\"screen-reader-text\">\u201eMaulbronner Musikpreis\u201c <\/span>weiterlesen<\/a><\/p>\n","protected":false},"author":1,"featured_media":0,"parent":0,"menu_order":0,"comment_status":"closed","ping_status":"closed","template":"","meta":{"footnotes":""},"class_list":["post-11","page","type-page","status-publish","hentry"],"_links":{"self":[{"href":"https:\/\/b-u-w-eberhardt-stiftung.de\/index.php?rest_route=\/wp\/v2\/pages\/11","targetHints":{"allow":["GET"]}}],"collection":[{"href":"https:\/\/b-u-w-eberhardt-stiftung.de\/index.php?rest_route=\/wp\/v2\/pages"}],"about":[{"href":"https:\/\/b-u-w-eberhardt-stiftung.de\/index.php?rest_route=\/wp\/v2\/types\/page"}],"author":[{"embeddable":true,"href":"https:\/\/b-u-w-eberhardt-stiftung.de\/index.php?rest_route=\/wp\/v2\/users\/1"}],"replies":[{"embeddable":true,"href":"https:\/\/b-u-w-eberhardt-stiftung.de\/index.php?rest_route=%2Fwp%2Fv2%2Fcomments&post=11"}],"version-history":[{"count":15,"href":"https:\/\/b-u-w-eberhardt-stiftung.de\/index.php?rest_route=\/wp\/v2\/pages\/11\/revisions"}],"predecessor-version":[{"id":174,"href":"https:\/\/b-u-w-eberhardt-stiftung.de\/index.php?rest_route=\/wp\/v2\/pages\/11\/revisions\/174"}],"wp:attachment":[{"href":"https:\/\/b-u-w-eberhardt-stiftung.de\/index.php?rest_route=%2Fwp%2Fv2%2Fmedia&parent=11"}],"curies":[{"name":"wp","href":"https:\/\/api.w.org\/{rel}","templated":true}]}}