{"id":10,"date":"2019-08-15T10:53:39","date_gmt":"2019-08-15T10:53:39","guid":{"rendered":"http:\/\/b-u-w-eberhardt-stiftung.de\/?page_id=10"},"modified":"2019-08-19T20:06:13","modified_gmt":"2019-08-19T20:06:13","slug":"foerderaktivitaeten","status":"publish","type":"page","link":"https:\/\/b-u-w-eberhardt-stiftung.de\/?page_id=10","title":{"rendered":"F\u00f6rderaktivit\u00e4ten"},"content":{"rendered":"\n<p>In jedem Jahr lobt die Brigitte-und-Werner-Eberhardt-Stiftung den <a href=\"http:\/\/b-u-w-eberhardt-stiftung.de\/?page_id=11\">Maulbronner Musikpreis<\/a> f\u00fcr  herausragende Leistungen im fachpraktischen Abitur Musik am <a rel=\"noreferrer noopener\" href=\"http:\/\/www.seminar-maulbronn.de\" target=\"_blank\">Evangelischen Seminar Maulbronn<\/a> aus.<\/p>\n\n\n\n<p>Daneben werden <a href=\"http:\/\/b-u-w-eberhardt-stiftung.de\/?page_id=12\">weitere Projekte<\/a> gem\u00e4\u00df <a href=\"http:\/\/b-u-w-eberhardt-stiftung.de\/?page_id=9\">Stiftungszweck<\/a> unterst\u00fctzt.<\/p>\n","protected":false},"excerpt":{"rendered":"<p>In jedem Jahr lobt die Brigitte-und-Werner-Eberhardt-Stiftung den Maulbronner Musikpreis f\u00fcr herausragende Leistungen im fachpraktischen Abitur Musik am Evangelischen Seminar Maulbronn aus. Daneben werden weitere Projekte gem\u00e4\u00df Stiftungszweck unterst\u00fctzt.<\/p>\n","protected":false},"author":1,"featured_media":0,"parent":0,"menu_order":0,"comment_status":"closed","ping_status":"closed","template":"","meta":{"footnotes":""},"class_list":["post-10","page","type-page","status-publish","hentry"],"_links":{"self":[{"href":"https:\/\/b-u-w-eberhardt-stiftung.de\/index.php?rest_route=\/wp\/v2\/pages\/10","targetHints":{"allow":["GET"]}}],"collection":[{"href":"https:\/\/b-u-w-eberhardt-stiftung.de\/index.php?rest_route=\/wp\/v2\/pages"}],"about":[{"href":"https:\/\/b-u-w-eberhardt-stiftung.de\/index.php?rest_route=\/wp\/v2\/types\/page"}],"author":[{"embeddable":true,"href":"https:\/\/b-u-w-eberhardt-stiftung.de\/index.php?rest_route=\/wp\/v2\/users\/1"}],"replies":[{"embeddable":true,"href":"https:\/\/b-u-w-eberhardt-stiftung.de\/index.php?rest_route=%2Fwp%2Fv2%2Fcomments&post=10"}],"version-history":[{"count":2,"href":"https:\/\/b-u-w-eberhardt-stiftung.de\/index.php?rest_route=\/wp\/v2\/pages\/10\/revisions"}],"predecessor-version":[{"id":97,"href":"https:\/\/b-u-w-eberhardt-stiftung.de\/index.php?rest_route=\/wp\/v2\/pages\/10\/revisions\/97"}],"wp:attachment":[{"href":"https:\/\/b-u-w-eberhardt-stiftung.de\/index.php?rest_route=%2Fwp%2Fv2%2Fmedia&parent=10"}],"curies":[{"name":"wp","href":"https:\/\/api.w.org\/{rel}","templated":true}]}}

Förderaktivitäten

<p>In jedem Jahr lobt die Brigitte-und-Werner-Eberhardt-Stiftung den <a href="http://b-u-w-eberhardt-stiftung.de/?page_id=11">Maulbronner Musikpreis</a> für  herausragende Leistungen im fachpraktischen Abitur Musik am <a rel="noreferrer noopener" href="http://www.seminar-maulbronn.de" target="_blank">Evangelischen Seminar Maulbronn</a> aus.</p>



<p>Daneben werden <a href="http://b-u-w-eberhardt-stiftung.de/?page_id=12">weitere Projekte</a> gemäß <a href="http://b-u-w-eberhardt-stiftung.de/?page_id=9">Stiftungszweck</a> unterstützt.</p>

<p>In jedem Jahr lobt die Brigitte-und-Werner-Eberhardt-Stiftung den Maulbronner Musikpreis für herausragende Leistungen im fachpraktischen Abitur Musik am Evangelischen Seminar Maulbronn aus. Daneben werden weitere Projekte gemäß Stiftungszweck unterstützt.</p>
